is the remainder when c is divided by 26?
18
Let g(c) = -c**3 + 2*c**2 + 24*c + 73. What is the remainder when g(-5) is divided by 76?
52
Calculate the remainder when 1591 + (-11 - 114/(-12))*-2 is divided by 38.
36
What is the remainder when 69 is divided by -8*((-450)/(-40))/(-15) + 30?
33
Suppose -5*f + 201 = -229. Let l be 9 + 74/(-8) + 803/(-4). Let p = -171 - l. Calculate the remainder when f is divided by p.
26
Let h = 103 + -62. Let d = -199 - -38. Let y = 0 - d. What is the remainder when y is divided by h?
38
Let f = -8160 - -8910. What is the remainder when 757 is divided by f?
7
Let j(c) = c**3 - 23*c**2 - 22*c - 30. Let q be j(24). Let f(a) = 3*a**2 - 46*a - 65. Calculate the remainder when f(q) is divided by 20.
19
Calculate the remainder when ((-1882)/18)/((-42)/189)*6 is divided by 69.
63
Let c = 96 + -43. Suppose -5*d - g = -795 + 22, 0 = 4*d - 5*g - 630. Calculate the remainder when d is divided by c.
49
Let g = -549 + 912. What is the remainder when 738 is divided by g?
12
What is the remainder when 774 is divided by ((4 + -1)*2/(-6))/(196/(-7840))?
14
What is the remainder when 213 is divided by 2/3*-113*(-348)/232?
100
Calculate the remainder when 3/8*3502*(-1028)/(-771) is divided by 434.
15
Let z(m) = -m**3 - 3*m**2 + 4*m. Let f(s) = 16*s**2 - 8*s - 12. Let a be f(-3). Suppose -4*o + a = 20. Calculate the remainder when z(-7) is divided by o.
32
Let z = -17545 - -17579. Suppose 5*w - 393 = -78. Calculate the remainder when w is divided by z.
29
Let q = -2451 - -2491. What is the remainder when 238 is divided by q?
38
Suppose 1653 = -23*b + 11267. Calculate the remainder when b is divided by 52.
2
Suppose 346*b = -329*b + 200*b + 19000. What is the remainder when b is divided by (-2)/(-4)*(0 - -8)?
0
Suppose 18*u + 339 = 1239. Calculate the remainder when 3396 is divided by u.
46
Let h be 1/5 - 5/25. Suppose -8*b + 11*b - 18 = h. Calculate the remainder when 19 is divided by 4/b + 76/12.
5
Suppose -154*p + 123*p + 93 = 0. Suppose 4*a + 5*q + 61 = 0, -2*a = -2*q + 4*q + 30. What is the remainder when 47 is divided by ((-21)/a)/(p/30)?
2
Let a = -41721 - -41722. Let p = -12 - -33. Calculate the remainder when p is divided by a.
0
Let u = -33310 + 34650. What is the remainder when u is divided by 7?
3
Suppose 0 = -u + 5*u + k - 159, 0 = -5*u + 3*k + 220. What is the remainder when (-1190)/(-238) - ((-465)/9 - 4/(-6)) is divided by u?
15
Let w(q) = 29*q**2 - 60*q - 6. Calculate the remainder when 379 is divided by w(3).
4
Suppose -g + 319 = -97. Calculate the remainder when g/10 - 50/(-125) is divided by 11.
9
Suppose 3*d + 2*i - 5463 = 0, -5*d + 6087 = -4*i - 2996. Calculate the remainder when d is divided by 13.
12
Let d(a) = -a**3 - 23*a**2 - 43*a + 32. What is the remainder when 575 is divided by d(-21)?
45
Suppose -14 = -2*w - 3*d, 2*w + 14 = 5*w + d. Suppose 2*j = 2*q + 44 + 10, -q = -w. What is the remainder when 179 is divided by j?
24
Suppose 2*k = -16, 31 - 1007 = -5*h - 3*k. Calculate the remainder when 232 is divided by h.
32
Let v(p) = 44*p + 51. Let q be -4*(-3 + -4)*5/20. Calculate the remainder when v(q) is divided by 24.
23
Let x(r) = 107*r**2 + 1. Calculate the remainder when x(2) is divided by (72/1)/((-24)/(-18)).
51
Let d(s) = 2*s**3 - s**2 + 11*s + 2. Let j(u) = 5*u**3 - 2*u**2 + 22*u + 3. Let i(p) = 7*d(p) - 3*j(p). Calculate the remainder when i(-4) is divided by 9.
0
Let o(b) = 14*b - 409. Let g be o(30). Suppose -5*c = -k + 44, -9*k + c - 55 = -g*k. What is the remainder when k is divided by 10?
9
Let y(a) = 71*a - 1202. Calculate the remainder when 623 is divided by y(17).
3
Let x(w) = w**2 - 10*w - 165. Let h be x(32). Let j = h + -534. Calculate the remainder when 20 is divided by j.
0
Let z(k) = 2*k**3 + 6*k**2 - 87*k + 172. Calculate the remainder when ((-2)/6)/((-1)/1149) is divided by z(4).
47
Let a = 6801 + -4914. What is the remainder when a is divided by 45?
42
Let j be (-105)/42*406/(-5) - 0. Let m = j + -128. Calculate the remainder when m is divided by 55.
20
Let j = 14556 + -14211. What is the remainder when j is divided by 145?
55
Suppose -2*k - 61 = 5*v, 8*v - 101 = 4*k + 11*v. Let d(b) = -2*b**3 - 48*b**2 - 58*b - 26. What is the remainder when d(k) is divided by 11?
8
Let q be 270 - (-49)/21*3. Let u = q + -251. What is the remainder when 128 is divided by u?
24
Calculate the remainder when (183/(-15))/(2/(-40)) is divided by 119.
6
Let l = -42 + 51. Suppose 3*k = -n - 15, -2*n + l = -4*k - 21. Let p = 21 - k. Calculate the remainder when p is divided by 7.
6
Let q(j) = j**3 - 30*j**2 - 33*j + 15. Let g be q(34). Suppose 8*z - g = 4147. Calculate the remainder when z is divided by 32.
30
Let h(d) = d**3 - 17*d**2 + 13*d + 45. Let r be h(17). Let f = -241 + r. Calculate the remainder when 248 is divided by f.
23
Suppose 0 = -8*x - 722 + 714. What is the remainder when (386/1*x)/(4/(-2)) is divided by 23?
9
Suppose 0 = 8031*m - 8021*m - 60. Let h = -17 - -57. What is the remainder when h is divided by m?
4
Let p(s) = -s**2 + 38*s + 610. What is the remainder when 311 is divided by p(-12)?
1
Suppose 11*f = 10*f + 5. Let t be (-63)/(-14) + 2/4. Suppose 4*s - f*j - 209 = 0, -25 = -t*s + 2*j + 215. Calculate the remainder when s is divided by 10.
6
What is the remainder when 525 is divided by (-10 - (-6)/3) + (-2754)/(-18)?
90
Let j(f) = -2*f + 6. Let c be j(3). Let m be -1*(c - -1)*(10 + -19). Suppose 58 - 283 = -m*x. What is the remainder when x is divided by 6?
1
Suppose 0*u = 8*u - 301 - 491. Calculate the remainder when 1228 is divided by u.
40
Let z(l) = -l**2 + 11*l + 8. Suppose 35 = 8*s - 3*s. Calculate the remainder when z(s) is divided by (-30)/4*((-5)/(-3) + -3).
6
Let q(d) = 6 - 55*d + 113*d - 59*d. Let k be q(3). Suppose -107 = -k*l - 4*m, l - 3*l - m = -63. What is the remainder when l is divided by 16?
13
Suppose -9*r = -2522 + 1235. Calculate the remainder when r is divided by 47.
2
Suppose 4*g = -0*g + 2156. Suppose -4*w + 252 = 7*d, -d + 36 = 14*w - 12*w. Calculate the remainder when g is divided by d.
35
Suppose 0 = -10*y - 6927 + 47. Let i = y + 717. What is the remainder when (-1)/1 + 117 + -1 is divided by i?
28
Calculate the remainder when (-350)/90 + 4 - (-6730)/18 is divided by 157.
60
Suppose -2*i + 2876 = 12*q - 4*q, 373 = q - 2*i. What is the remainder when q is divided by 178?
5
Suppose -22*s = -24*s + 26. Let w = s - 11. Calculate the remainder when 39 is divided by (-5)/(-2)*(w - -2).
9
Let k be -17*(6/(-2))/(-3). Let q = -44 - k. Let l = q + 29. Calculate the remainder when 7 is divided by l.
1
Suppose -2*g = -47*g + 11*g + 1462. What is the remainder when 103 is divided by g?
17
Calculate the remainder when 12594 is divided by (-5 + 4 - -1) + (39 - -8).
45
Suppose 0 = -53*k + 56*k + 24. Calculate the remainder when (-210)/k - 22/88 is divided by 7.
5
Suppose 10*n - 13*n - 4*l - 134 = 0, -2*n = -2*l + 108. Let k(z) = -z**3 - 51*z**2 - 50*z + 13. Calculate the remainder when 34 is divided by k(n).
8
Suppose -2668 = -12*m - 11*m + 1426. Calculate the remainder when 1637 is divided by m.
35
Suppose 5*t - 18 = 2. Suppose 0 = -t*s + s + 75. Calculate the remainder when (-102)/((-37 + 24)/(-65) + ((-9)/(-30) - 2)) is divided by s.
18
Suppose -57*i + 122145 = -6*i. What is the remainder when i is divided by 40?
35
Suppose 0 = 72*w - 56*w + 3984. Let r = w + 260. What is the remainder when 47 is divided by r?
3
Suppose -10*z + 1304 = 3904. Let h = z + 491. What is the remainder when h is divided by 26?
23
Suppose 0 = 568*p - 61763 - 120565. Let c = 100 + -54. What is the remainder when p is divided by c?
45
Let o = -2049 - -2583. Calculate the remainder when o is divided by 171.
21
Let j = 27294 - 27160. Suppose 4*z + 72 - 208 = 0. Calculate the remainder when j is divided by z.
32
Suppose 2*k - 2106 + 1054 = 0. What is the remainder when k is divided by 22?
20
Let i(t) = 344*t - 1944. Let y(p) = 5*p**2 + p - 1. What is the remainder when i(6) is divided by y(-3)?
38
Let x(b) = 3*b**2 + 42*b - 133. What is the remainder when x(6) is divided by 116?
111
Let b(l) = -32*l + 91. What is the remainder when b(2) is divided by 24?
3
Suppose 2*x - 57 = -5*u + 105, -3*x + 4*u = -220. Let b = x - -71. Calculate the remainder when b is divided by 19.
14
Calculate the rem